.
7
Let r(g) = g**3 - 34*g**2 + 70*g - 80. Let p be r(32). Calculate the greatest common factor of 364 and p.
28
Suppose -127*m = -140*m + 182. Calculate the greatest common divisor of m and 91.
7
Let f be (12 - (-22)/(-6))*(0 - 9/(-5)). Suppose -6*h + h + 375 = 0. Calculate the highest common divisor of h and f.
15
Suppose -24*t + 2*u + 23 = -21*t, -5*t + 33 = 2*u. What is the greatest common divisor of 112 and t?
7
Let b be 924/242 - -1*(-4)/(-22). Let l be 7/(21/65) + b/(-6). What is the greatest common divisor of l and 3?
3
Suppose 20*i = 26*i - 264. What is the highest common factor of 4 and i?
4
Let b be (59 + 1)/((0 - -2) + 0). What is the highest common divisor of 78 and b?
6
Suppose -o + 4 + 11 = 0. Let d be ((-2)/4)/((9 - 5)/(-1360)). Suppose -d = 5*g - 22*g. Calculate the greatest common divisor of o and g.
5
Let c(r) = 3*r + 11. Let b be c(9). Suppose 2*m + b = 158. What is the highest common factor of 12 and m?
12
Let t be 21/((-777)/196 - -4). What is the highest common divisor of 84 and t?
84
Let r = -189 - -206. Calculate the highest common divisor of r and 799.
17
Suppose 13*n - 789 + 35 = 0. What is the highest common divisor of 2 and n?
2
Suppose -480 = -19*p - 13*p. What is the highest common factor of 405 and p?
15
Suppose t = -4*t + 10, -22 = -4*f + t. Suppose 0 = 7*i - 2*i - 15. Suppose 3*d - r = 10, 6*d - i*d - 4*r = 22. What is the greatest common factor of f and d?
2
Let i = -2 + 5. Suppose -4*z + 5*b - 13 = 2, 3*z + 15 = 5*b. Suppose z = 3*m - 109 + 28. Calculate the greatest common factor of i and m.
3
Suppose -204 = -2*u - 2*m, -u + 102 = 14*m - 15*m. Calculate the highest common divisor of 17 and u.
17
Let v(d) = -5*d + 3. Suppose -4*g + 36 = -0*g. Suppose -y + g = -4*y. Let s be v(y). What is the highest common factor of s and 198?
18
Let j = 642 - 304. Calculate the highest common factor of j and 26.
26
Suppose 121*w = 124*w + 4*s - 199, 2*w + 2*s - 134 = 0. Calculate the greatest common divisor of 1932 and w.
69
Let r = 22 - 7. Suppose -20 = 5*l - r. Let h(g) = -10*g + 2. Let s be h(l). What is the highest common factor of s and 4?
4
Let n = -2012 + 2025. Let s(j) = -5*j**3 - 1. Suppose -4*x + 1 = -b - 1, 4*b + 8 = -2*x. Let u be s(b). What is the greatest common divisor of n and u?
13
Let a be 10/(-105) + (-18904)/(-42). Calculate the highest common divisor of a and 36.
18
Let m(t) = 5*t + 31. Let i be m(25). Calculate the greatest common factor of i and 12.
12
Let s(x) = 4*x**2 - 2*x + 1. Let w be s(-5). Suppose 2*o + 3*y - w = 0, -3*o + 91 = 4*y - 75. Calculate the greatest common factor of 81 and o.
27
Let v be 3/1*(-1)/(-1). Let w = 175 - 173. What is the highest common divisor of v and w?
1
Suppose 0*v = -3*v + 150. Suppose -4*i + 2 = -v. Suppose -22*f - 269 + 1127 = 0. Calculate the greatest common factor of f and i.
13
Let r(z) = 6*z + 349. Let c be r(-39). Calculate the highest common divisor of 161 and c.
23
Suppose 2759 + 3577 = 8*v. What is the greatest common factor of v and 99?
99
Suppose g = -2*g + 120. Suppose 341 = 10*z - 259. Calculate the greatest common divisor of z and g.
20
Suppose 12*i - 108 = 36. What is the greatest common factor of i and 204?
12
Let l be (0/2 - 0) + 6. Suppose y - 100 = -3*y. Let m = y - 19. Calculate the greatest common factor of m and l.
6
Suppose 5*b + 65 = -5. Let z be 1496/119 + (-6)/b. Let j be (26/(-6))/((-1)/3). What is the greatest common factor of z and j?
13
Let g = 29 + -29. Suppose g = -4*u + 20 - 0. Calculate the highest common factor of u and 30.
5
Suppose 4*y + 5*k - 1488 + 4841 = 0, -3*y + 4*k = 2538. Let h be 9/(405/10) - y/18. What is the greatest common divisor of 423 and h?
47
Suppose -v = -2*h - 0*h - 353, 0 = -4*v - 4*h + 1460. What is the greatest common divisor of v and 152?
19
Suppose -20*g + 21 = g. Let d be (-4 - g - -215)*1. What is the greatest common factor of d and 70?
70
Let n be -3*1/(-1) + 0. Suppose 4*i - 351 = -3*r, -5*r - n*i = i - 593. Suppose 33 = t + 2*t. Calculate the highest common factor of r and t.
11
Let u = 104 + -80. What is the greatest common factor of u and 56?
8
Suppose -17*y + 360 = -7*y. Calculate the greatest common factor of y and 30.
6
Suppose 0 = -5*b + 3*w + 177, 4*w + 107 = 3*b + 3*w. Suppose k = -3*a + 140, -5*k + 0*k = -a + b. Calculate the greatest common factor of 115 and a.
23
Suppose -6*g = 66 - 156. Let w be (-40)/g*(-3)/6*9. What is the highest common factor of w and 30?
6
Let b(m) = m**3 - 24*m**2 + 3*m - 23. Let y be b(24). What is the greatest common factor of y and 28?
7
Let k(v) = -v**3 + 4*v**2 + 3*v - 6. Let i be 72/(-5) - (-48)/120. Let q be (i/4)/(-7)*6. Let l be k(q). What is the greatest common divisor of 6 and l?
6
Let k be 20752/38 - (-292)/(-2774). Calculate the greatest common divisor of k and 52.
26
Let u(p) = -3*p + 1. Let y be u(-8). Let s = 280 - y. What is the highest common divisor of s and 102?
51
Suppose 5*x = 4*x - 5*i + 32, -4*i + 20 = 0. What is the greatest common divisor of 49 and x?
7
Suppose -3*f + 2 = 8, -q + 24 = -f. Suppose k - 2*k - 11 = 5*r, 0 = -3*k + 5*r - 73. Let i be (-1)/(-3) - 686/k. What is the highest common divisor of i and q?
11
Let o be 2 + (1 + 3 - 3). Suppose -3*q + 128 = -q + 2*r, 2*q = -o*r + 126. Calculate the greatest common factor of q and 6.
6
Let k be 9*1*110/15. Let t(c) be the first derivative of c**2/2 - 3*c + 7. Let u be t(9). What is the greatest common factor of k and u?
6
Suppose -3*n - 8*g = -4*g - 25, 0 = -n + 5*g + 21. Let u = 12 - n. Let f be (49/(-21))/(2/(-6)). What is the highest common divisor of u and f?
1
Let d = 11 + -7. Suppose -27 = -2*o + 3*b, 2*b = -o + 13 + d. Let i be 1092/o - (-8)/(-10). What is the highest common divisor of i and 8?
8
Let z be 10/(-3) + 4/(-6). Let o be -1 - (-434 + 4 - z). Suppose o = 5*f - 70. Calculate the greatest common factor of f and 11.
11
Suppose 5*q + 295 = 5*a, 4*q = a - 0*q - 47. Let b = 66 - a. Calculate the highest common divisor of 21 and b.
3
Suppose 5*m - 10 = -0. Let v(l) = -l**2 + 5*l - 4. Let f be v(2). Calculate the highest common divisor of f and m.
2
Let r(d) = -10*d + 3*d + 15*d + 7*d - d**2 - 4. Let l be r(11). What is the greatest common divisor of 16 and l?
8
Let a = -42 + 108. Let j = 42 - 6. Let w = a - j. What is the greatest common factor of w and 6?
6
Suppose 0 = 15*b - 832 - 113. What is the highest common factor of 14 and b?
7
Let s(x) = -2*x + 4. Let a be s(-5). Let t be 2108/28 - 4/a. Suppose -5*j - 100 = -4*w, w - 4*w - 5*j = -t. Calculate the greatest common divisor of w and 125.
25
Let q be 15576/594*(-234)/(-4). What is the greatest common divisor of 236 and q?
118
Let u = 35 - 58. Let h = -11 - u. Suppose 0 = 4*m - 5*m + 6. What is the greatest common divisor of m and h?
6
Let w be (-52)/(-6)*(-10 - -22). Calculate the highest common divisor of w and 8.
8
Suppose -7*b = -9 - 558. Calculate the highest common factor of 6 and b.
3
Let j = 16 + 12. Let o be (-140)/(-15)*(-1 + 4). Calculate the greatest common factor of o and j.
28
Let r(v) = 3 + v**2 - 7*v - 3 - 3. Let p be r(6). Let w = -6 - p. Calculate the greatest common divisor of 9 and w.
3
Suppose -3*b = -2*f - 304, 3*b - 4*f = -5*f + 289. Let x(h) = -20*h - 11. Let r be x(-3). Calculate the greatest common divisor of r and b.
49
Let c be ((-324)/40 + 6/(-15))*-2. What is the greatest common factor of 187 and c?
17
Let v(p) = p**3 + 7*p**2 + p - 1. Let d be v(-6). Suppose 5*g - 112 = -w, -g - 17 = -22. What is the highest common divisor of w and d?
29
Let v be ((-189)/(-14) - 13) + 9346/4. Calculate the greatest common divisor of 123 and v.
123
Let h = -576 - -675. Calculate the highest common factor of h and 9.
9
Let l = 57 + -45. Let p be 4/(-6)*12/(-4). Suppose -4*b + p*b + 36 = 0. What is the greatest common factor of l and b?
6
Let l be (-16)/3*(-15)/20. What is the greatest common factor of 164 and l?
4
Let c = -425 - -457. What is the greatest common divisor of c and 44?
4
Let f = 862 + -846. Let m(q) = 36*q + 4. Let z be m(3). Calculate the highest common divisor of z and f.
16
Let s = -2 - -3. Let a be (0 + 110)/(s/2). Let d = 47 - 27. Calculate the greatest common divisor of a and d.
20
Suppose 8*d - 19*d + 594 = 0. What is the highest common divisor of 54 and d?
54
Let m = 1 + 5. Suppose 0 = -k -